ime?
True
Is 1588547 composite?
True
Is 1968069 a composite number?
True
Is 330914153 a prime number?
False
Is 24319 a prime number?
False
Is 198443 composite?
True
Is 947883 a prime number?
False
Is 130935499 a composite number?
False
Is 228677 prime?
True
Is 831901 composite?
True
Is 280811 a composite number?
False
Is 285280781 a composite number?
False
Is 1348573 a composite number?
False
Is 5721281 prime?
True
Is 6855377 prime?
True
Is 37200718 a composite number?
True
Is 721146659 prime?
True
Is 55900283 a composite number?
False
Is 1354243 composite?
True
Is 72298357 composite?
True
Is 8619127 prime?
False
Is 2687323 a prime number?
True
Is 32024749 prime?
True
Is 624421 composite?
True
Is 4409581 prime?
False
Is 335105 prime?
False
Is 50751313 prime?
True
Is 471279007 a prime number?
True
Is 39175757 a composite number?
False
Is 465942517 prime?
False
Is 15061457 a prime number?
True
Is 63822109 prime?
False
Is 196045 composite?
True
Is 30203153 a composite number?
False
Is 14058349 prime?
True
Is 831438659 a composite number?
True
Is 169635797 a prime number?
False
Is 3509323 a composite number?
True
Is 3419861 composite?
True
Is 171779291 a prime number?
True
Is 27405019 a prime number?
False
Is 10818683 a prime number?
True
Is 238411 a composite number?
True
Is 6203569 prime?
False
Is 17423051 a prime number?
True
Is 12713849 prime?
True
Is 47994701 a composite number?
False
Is 1896133 a prime number?
True
Is 83460095 prime?
False
Is 23879651 prime?
True
Is 24048881 a composite number?
False
Is 19956641 prime?
True
Is 9250607 prime?
True
Is 278904191 prime?
True
Is 4552043 a composite number?
True
Is 3627227 prime?
False
Is 1269673 a composite number?
True
Is 49115149 prime?
False
Is 11865527 composite?
True
Is 12418559 composite?
True
Is 29568277 a prime number?
False
Is 6888286 composite?
True
Is 9285683 a composite number?
True
Is 47214091 composite?
True
Is 2542327 a prime number?
True
Is 1041247 prime?
False
Is 6410021 a prime number?
False
Is 36149273 a composite number?
False
Is 13282669 prime?
False
Is 45991993 composite?
False
Is 332393 prime?
True
Is 2339891 prime?
False
Is 1087577 a composite number?
True
Is 836639 prime?
False
Is 40055753 a prime number?
False
Is 64117981 a composite number?
False
Is 14387 a prime number?
True
Is 463579331 composite?
False
Is 1466251 composite?
False
Is 4694583 a composite number?
True
Is 5911417 a composite number?
False
Is 36555307 a prime number?
False
Is 1985257 prime?
True
Is 38304377 a prime number?
True
Is 257214653 composite?
False
Is 103404769 composite?
True
Is 1603633 a composite number?
True
Is 3008311 prime?
True
Is 4587851 prime?
True
Is 5060633 composite?
True
Is 19418687 prime?
False
Is 12176193 composite?
True
Is 697637 composite?
False
Is 5308693 composite?
True
Is 37769 prime?
False
Is 600515 a prime number?
False
Is 107118101 a composite number?
False
Is 128114407 prime?
False
Is 63672229 a prime number?
False
Is 8636757 prime?
False
Is 163299567 a composite number?
True
Is 158825713 composite?
True
Is 8763473 a composite number?
False
Is 69125507 composite?
True
Is 168260297 a composite number?
True
Is 46321271 a composite number?
False
Is 337218017 prime?
True
Is 2010527 prime?
True
Is 13063777 prime?
True
Is 112665565 a composite number?
True
Is 94016029 a composite number?
False
Is 88400777 a prime number?
True
Is 362933861 composite?
False
Is 9847499 prime?
True
Is 2343641 a composite number?
False
Is 23651031 composite?
True
Is 4489351 composite?
False
Is 93045499 composite?
False
Is 4918171 composite?
False
Is 13823201 composite?
True
Is 6353687 composite?
False
Is 91183919 prime?
False
Is 5550761 composite?
True
Is 58316959 composite?
False
Is 2271767 a prime number?
True
Is 6951653 a composite number?
True
Is 82939 a composite number?
False
Is 38052289 composite?
True
Is 245377187 a composite number?
True
Is 67140793 composite?
False
Is 249252829 a composite number?
True
Is 25326383 prime?
True
Is 616639 a composite number?
False
Is 6856742 composite?
True
Is 1495673 composite?
True
Is 243404713 a composite number?
False
Is 4723283 composite?
False
Is 1931177 composite?
False
Is 78700571 composite?
False
Is 127196353 prime?
False
Is 103951 a prime number?
True
Is 261647777 composite?
False
Is 3351071 a prime number?
True
Is 12634559 a prime number?
False
Is 4358929 composite?
True
Is 8610289 a composite number?
True
Is 998609 composite?
True
Is 224374853 a composite number?
False
Is 192395173 a composite number?
False
Is 13008433 a composite number?
True
Is 6413041 a prime number?
True
Is 4174847 a prime number?
True
Is 86497979 prime?
False
Is 1313252927 a prime number?
False
Is 34867189 a composite number?
True
Is 5984681 composite?
False
Is 19364351 composite?
False
Is 24947477 composite?
False
Is 318371869 a prime number?
False
Is 6026613 composite?
True
Is 5838311 a prime number?
False
Is 252323107 a composite number?
True
Is 342651937 a composite number?
True
Is 3794071 prime?
True
Is 102504691 a prime number?
True
Is 19600753 a composite number?
True
Is 419845 prime?
False
Is 51546917 prime?
True
Is 12821153 a prime number?
True
Is 93858827 a composite number?
False
Is 189811535 a composite number?
True
Is 1791679 prime?
True
Is 79895357 prime?
False
Is 12750011 a composite number?
False
Is 108286859 a composite number?
False
Is 884747 a composite number?
True
Is 2722847 composite?
True
Is 1318645469 composite?
False
Is 39652229 a prime number?
True
Is 3248909 a prime number?
True
Is 577463993 a composite number?
True
Is 308395819 a prime number?
True
Is 5694991 prime?
False
Is 159677203 a prime number?
False
Is 7185749 a composite number?
True
Is 570565019 a prime number?
False
Is 32047913 prime?
True
Is 75774911 prime?
True
Is 16673387 prime?
True
Is 24560491 a composite number?
True
Is 4177507 prime?
False
Is 101421889 prime?
True
Is 2805541 composite?
True
Is 8999197 composite?
False
Is 835511 composite?
False
Is 13071269 a composite number?
True
Is 241447331 prime?
False
Is 16181419 prime?
False
Is 34551901 a composite number?
False
Is 1952369 composite?
True
Is 28541627 composite?
False
Is 171721171 a composite number?
True
Is 1164473 prime?
False
Is 9893701 a prime number?
False
Is 56507111 a prime number?
False
Is 21442283 a prime number?
True
Is 20076013 a composite number?
False
Is 20350243 prime?
True
Is 7864621 a composite number?
False
Is 94806953 composite?
True
Is 382411 a prime number?
False
Is 31681007 prime?
True
Is 72147091 a prime number?
True
Is 2796839 composite?
False
Is 5787403 prime?
False
Is 16255483 a composite number?
False
Is 972823 composite?
False
Is 28653271 composite?
True
Is 59386711 a composite number?
False
Is 5509861 composite?
True
Is 10049513 a prime number?
True
Is 171298151 a prime number?
True
Is 10267869 a prime number?
False
Is 28629577 composite?
False
Is 62224143 prime?
False
Is 1306783 a prime number?
False
Is 5495279 prime?
True
Is 536821 a composite number?
True
Is 111547603 prime?
False
Is 1298279 a prime number?
True
Is 12507071 a composite number?
True
Is 8248781 a prime number?
False
Is 136779371 prime?
True
Is 9700861 a composite number?
True
Is 44070149 a prime number?
False
Is 689581559 a prime number?
True
Is 216838231 a prime number?
True
Is 12120362 prime?
False
Is 1925903 a prime number?
False
Is 17641751 composite?
False
Is 860533 a prime number?
True
Is 136649 a composite number?
False
Is 5456411 prime?
True
Is 15285371 prime?
True
Is 18256153 a composite number?
False
Is 864883 composite?
False
Is 6161227 a prime number?
False
Is 23856029 composite?
False
Is 95854537 composite?
True
Is 212263 a composite number?
True
Is 95823653 prime?
False
Is 309769 a prime number?
True
Is 871970003 prime?
True
Is 313785161 a prime number?
False
Is 34719211 composite?
False
Is 240270937 a composite number?
False
Is 609503 a composite number?
False
Is 13044377 composite?
False
Is 236824369 a prime number?
True
Is 10743713 a prime number?
True
Is 224683223 a prime number?
False
Is 837118 prime?
False
Is 367841 prime?
True
Is 108979979 a composite number?
True
Is 45238357 prime?
True
Is 1630729 composite?
True
Is 2959078 prime?
False
Is 316291 composite?
False
Is 6208387 composite?
False
Is 27889467 com